 z(8). Let s = -3 + n. What are the prime factors of s?
3
Let r = 84 + -50. List the prime factors of r.
2, 17
Let u = -24 + 43. Suppose -2*f + 5*f - 108 = 0. Let j = f - u. List the prime factors of j.
17
Suppose -3*g - g = q - 21, 0 = 3*q - 5*g - 148. Let o = q - -11. Suppose 2*h = -2*v - v + 46, 0 = -3*v + 4*h + o. List the prime factors of v.
2
List the prime factors of 39/26 + 194/4.
2, 5
Let j be 1/(-2) - (-1)/2. Let d(y) = -y + 1 + 0 + j. What are the prime factors of d(-12)?
13
Let c = 2 + -2. List the prime factors of (48/3 - c)/1.
2
Let n = 1 - -4. Suppose 0*a - 15 = -a. Suppose 5*f + 4 - 11 = w, -a = -n*f. List the prime factors of w.
2
Let c(z) = z**2 + 7*z + 6. Let j be c(-7). Let w(r) = r - 1. Let m be w(2). Let o = j - m. List the prime factors of o.
5
Let k(q) = q**3 - 3*q**2 + q + 3. Let y be (2 - -3) + (-4)/2. List the prime factors of k(y).
2, 3
Let j = -8 - -12. Suppose -4*n + 0*z = 2*z - 206, -z - 215 = -j*n. Suppose 0 = -5*h + s + n, -2*h + s = -3*s - 32. What are the prime factors of h?
2, 5
Let n = 13 + -10. Suppose 0 = -3*x - 5*u + 15 + 7, 3*u - 30 = -n*x. List the prime factors of x.
2, 7
Let s be 4 - -1 - 0/1. Suppose 2*x - 3*u = -6*u + 56, x + s*u = 28. List the prime factors of x.
2, 7
Let v = 142 - 8. List the prime factors of v.
2, 67
Let p(k) = k. What are the prime factors of p(2)?
2
Suppose l = -2*o - 2*o + 30, o + 4*l = 15. List the prime factors of o.
7
Suppose -5*k = -153 - 152. List the prime factors of k.
61
Suppose -6*u + 7*u - 40 = 0. Let z be (-554)/(-10) + (-16)/u. Suppose -y + z = 3*a, -5*a + 99 = -3*y + 26. List the prime factors of a.
17
Let j(u) = -u - 3. Let a be j(-5). Let s be -2*(1/1 - a). What are the prime factors of (s + -1)/(3/15)?
5
Suppose -3*d + 0*d + 9 = 0. Let l(a) = a**2 - 2*a + 4. List the prime factors of l(d).
7
Let h = 4 - 5. Let a(o) = -32*o**3 - o. List the prime factors of a(h).
3, 11
Suppose 0 = -5*b - b + 732. List the prime factors of b.
2, 61
Let u(l) = -3*l**3 - l. Suppose -5*a = -3*a + 2. Let s be u(a). Suppose -4*x - 5*n = -11, 3*n = -s*x + 9*x - 23. List the prime factors of x.
2
Let h = -22 - -8. What are the prime factors of h/35 - 207/(-5)?
41
Let s(t) = t**2 + 7*t - 8. Let d be s(-8). Suppose d = -4*u - u + 4*m + 127, 3*u - 5*m - 71 = 0. List the prime factors of u.
3
Let a be 2/(-6) + (-264)/(-9). List the prime factors of a/1 + -3 + 5.
31
Let c = -2 + 5. Let r = 11 + 1. Suppose r = 3*i - 2*i - 2*d, c*i = 5*d + 35. List the prime factors of i.
2, 5
Let z = -8 + 13. Suppose u - 4*t = 2 + 4, u - z*t = 7. List the prime factors of u.
2
Let b be (-1)/(2*(-1)/6). Suppose 2*x - 40 = -b*x. List the prime factors of x.
2
Suppose -6*c - 2*f = -3*c - 251, 25 = -5*f. List the prime factors of c.
3, 29
Suppose 4*h - 13 = q - 6*q, -3*q = -3. Suppose m - 40 = 3*j, -h*m + 4*m + j = 73. What are the prime factors of m?
37
Suppose 5*r = 3*w - 39, 2*w - 2*r + 3*r - 13 = 0. What are the prime factors of w?
2
Let y be ((-4)/(-6))/((-1)/(-3)). Suppose 17 = y*o + 7. Suppose -o*r = -4*r - 11. What are the prime factors of r?
11
Let q(k) = 3*k - 10. What are the prime factors of q(15)?
5, 7
Let u(s) = 4*s**2 - 1. Let x be u(1). Let y = x - 1. List the prime factors of y.
2
Let t(y) = y**3 - 7*y**2 + 4*y + 10. What are the prime factors of t(7)?
2, 19
Suppose -3*m = -3*k - 6, -4*k + 3 = -13. Suppose 2*n = m*n - 24. List the prime factors of n.
2, 3
Suppose 34*b - 24*b - 2010 = 0. What are the prime factors of b?
3, 67
Suppose 3*m - 6 = 33. List the prime factors of m.
13
Suppose 3*n - 3 = 3. Let m(v) = n*v**2 - 3*v - v**2 - 1 + 2 + 2*v. List the prime factors of m(2).
3
Let l(q) = 4*q**3 - 8*q**2 + 2*q + 6. Let g(t) = -t**3 + t**2 + t. Let i(w) = -5*g(w) - l(w). List the prime factors of i(-4).
2, 3
Let a be (-3)/4 - (-88)/32. Suppose -5 = 2*r - 3*r, -109 = -a*m - 3*r. What are the prime factors of m?
47
What are the prime factors of 2907/221 - (-2)/(-13)?
13
Suppose -2*z + r + 0*r + 70 = 0, 0 = 2*z + 5*r - 58. List the prime factors of z.
2, 17
Suppose -1026 = p - 20*p. What are the prime factors of p?
2, 3
Suppose -5 = -3*h + 7. Suppose 68 = -0*w + 2*w - h*q, 2*q + 4 = 0. List the prime factors of w.
2, 3, 5
Let x be ((-72)/(-20))/((-2)/(-5)). List the prime factors of 2/(-3)*x/(-2).
3
Suppose 3*n = n - 8. Let b be n/8 - (-1)/2. List the prime factors of b - 7*-1*1.
7
Let d(q) = q + 18. Let r(c) = -c**2 + 4*c + 2. Let o be r(4). Suppose 0 = -o*k + k - 8. What are the prime factors of d(k)?
2, 5
What are the prime factors of -69*4/(-4) + 4?
73
Suppose f - 6*h = -2*h - 2, -4*h + 6 = f. Suppose 0 = -4*w - x + 2 + 10, 0 = f*w - 2*x + 4. What are the prime factors of w?
2
Suppose 12 = -3*p - 4*b, 4*p - b = 1 + 2. Suppose 5*r - 145 = -p*r. List the prime factors of r.
29
Let w = 287 + -170. List the prime factors of w.
3, 13
Let l(h) = -h + 5. Let d be 3/(-2) - (-13)/2. Suppose 3*f + 7 = -d. What are the prime factors of l(f)?
3
What are the prime factors of (-9)/(-18)*1*-2 + 80?
79
Let y = 6 + 1. Let d = y + -13. What are the prime factors of (-8)/d*9/6?
2
Let h(u) = -7*u + 4. Let g(j) = -6*j + 4. Let z(n) = -3*g(n) + 2*h(n). What are the prime factors of z(8)?
2, 7
Let y(r) = -r**2 + 24*r - 11. What are the prime factors of y(22)?
3, 11
Let t be (1 + -1)/(2 + -4). Suppose t = -0*o - o + 4. List the prime factors of 2*18/o + -1.
2
Suppose -353 = 3*s - 113. Let y = -47 - s. What are the prime factors of y?
3, 11
Suppose r = 2*i + 34, -3*i - 2*i = -3*r + 84. List the prime factors of (-1)/((-2)/i*-1).
3
Let h be (4/3)/(4/(-42)). Let w be 1*-2 + (-3 - h). What are the prime factors of w - (0 + -1 + -1)?
11
What are the prime factors of (-36)/((-3)/(-1) - 4)?
2, 3
Let u be (1 + -3)/((-4)/66). Let i = 55 - u. List the prime factors of i.
2, 11
Let m(v) = 23*v**3 + 2*v**2 - 3*v + 2. List the prime factors of m(2).
2, 47
Suppose 4 = 3*x - 5. Suppose x*i - 3 = 2*i. Suppose -27 = -3*q + 5*h, -q + i*h + 13 = -0*q. List the prime factors of q.
2
Let t(d) = 2*d**3 + 4*d**2 + 7*d - 7. What are the prime factors of t(4)?
3, 71
Suppose -5*p + 0*p = -370. What are the prime factors of p?
2, 37
List the prime factors of ((-32)/(-12))/((-1)/(-3)).
2
Let g = 180 + -74. What are the prime factors of g?
2, 53
Let r(y) = y**2 - y - 91. What are the prime factors of r(19)?
251
Let w(f) = 3*f**3 + 3*f**2 - f + 2. What are the prime factors of w(3)?
107
Let q(h) = -h**2 + 3*h + 4. Let n(u) = -1 - u + 3 + 5. Let t be n(4). What are the prime factors of q(t)?
2
Suppose 397 - 17 = 5*p. Let b be (p - 0) + 5/5. Suppose -5*y + 3*w + b - 7 = 0, 4*w = 0. What are the prime factors of y?
2, 7
Let s be 2/(-6) + 170/6. Suppose 2*o - 1 = -h - 9, 5*h + s = 2*o. Let z = h - -12. List the prime factors of z.
2, 3
Suppose 12*r - 1312 = 932. What are the prime factors of r?
11, 17
Suppose -2 = 2*v + f + 4, -2*f = 5*v + 13. Let h be (24/10)/(v/(-5)). Let m = h + -8. What are the prime factors of m?
2
Let o be (-2)/4 + (-26)/(-4). Suppose -2*t = 5*c - 43, o*c - 2*c + 3*t - 33 = 0. Suppose 0 = -3*r + 12 + c. List the prime factors of r.
7
Suppose 4*j - j = 0. Suppose j = -5*g + 38 - 8. List the prime factors of g.
2, 3
Let i be (9/(-4))/((-6)/144). Suppose 2*t - 22 = o, 4*t + 0*o = -3*o + i. What are the prime factors of t?
2, 3
Let k = -3 + 1. Let b(y) = -2*y**3 - 3*y**2 - 3*y - 2. List the prime factors of b(k).
2
Suppose -4*m + 44 = -0*m - u, 0 = -m + u + 11. What are the prime factors of m?
11
Suppose -o + 10 = -5*w, w + 6 = 4*o - 15. Let z = -1 + -1. Let y = o - z. What are the prime factors of y?
7
Let w(p) = -2*p**3 - 4*p**2 - 3*p - 5. Suppose 15 = 4*b - 9*b. What are the prime factors of w(b)?
2, 11
Let i(h) = -h**2 + 8*h + 3. Let x be i(8). Suppose 0*l = 4*l + u - 47, -x = -u. Let v = -5 + l. List the prime factors of v.
2, 3
Let f(z) be the third derivative of 0*z + 1/30*z**5 + 1/6*z**3 - 1/6*z**4 - 3*z**2 + 0. What are the prime factors of f(4)?
17
Let n(x) = 4*x - 7. List the prime factors of n(7).
3, 7
Let q(d) = 4*d - 3. Let j(u) = -2*u + 1. Let h(n) = 5*j(n) + 2*q(n). List the prime factors of h(-3).
5
Suppose 0 = -2*n + g + 148, 2*n + 8*g - 3*g = 124. List the prime factors of n.
2, 3
What are the prime factors of (28/(-5))/1*-10?
2, 7
Suppose 0 = 4*x - 0 - 12. Suppose -5*d = -x*d. Suppose -4*v - 8*q + 3*q + 84 = d